t**3 + t**2 - t + 1. Let c be u(1). Is 9 a factor of s(c)?
False
Suppose 4*g - 37 = 5*q + 83, 5 = g + 5*q. Is 5 a factor of g?
True
Let g(j) = -j**2 - 2*j + 2. Let u be ((2 - 1) + -3)*1. Let h be g(u). Is (-90)/h*10/(-25) a multiple of 7?
False
Suppose -4*t - 32 = 4*u - 112, 0 = 2*t - 3*u - 40. Is t a multiple of 5?
True
Suppose -342 = 5*f + 3*a - 29, -a = -3*f - 199. Let r = -19 - f. Is r a multiple of 23?
True
Let y(o) = -10*o + 0 - 4 + 2. Does 6 divide y(-2)?
True
Suppose 0 = -5*b, -2*v + 11 = -b + 3. Is 4 a factor of v?
True
Suppose 3*p + 20 = -67. Let n = p - -41. Is 4 a factor of n?
True
Let c = -9 + 6. Let v be (8/(-6))/(2/c). Suppose 81 = v*p + p. Does 12 divide p?
False
Suppose -5*t = -16 - 249. Does 10 divide t?
False
Let c = 225 + -120. Does 32 divide c?
False
Let g be (-2)/(-6)*3 - 5. Let s = -7 - g. Is 17 a factor of (-2 - -36)*s/(-6)?
True
Suppose 4*b + 122 = -70. Let x be 684/10 - 4/10. Let l = b + x. Is 10 a factor of l?
True
Let z(d) = -d**3 + 6*d**2 - 3*d + 2. Let x be z(4). Let u = x + -12. Does 9 divide u?
False
Let z(f) = 14*f**3 + f**2 - 1. Let b be z(1). Let i = 3 + b. Is (i/(-2))/((-2)/4) a multiple of 5?
False
Suppose -4*v + 18 = -6. Suppose -3*j + 15 = 0, -3*b - 71 = -v*b + 5*j. Suppose 5*k + 3*w - 46 = 0, 4*k - 9 - b = -w. Is 4 a factor of k?
False
Let w be (188/(-12))/((-1)/3). Let s = 68 - w. Is s a multiple of 7?
True
Let u = -12 + 29. Is 3 a factor of u?
False
Suppose 5*y = -3*q + 3, -2*y = -2*q + 5 - 3. Let a be (-3)/q*(3 + 1). Let b = a + 23. Is b a multiple of 4?
False
Suppose -25 + 5 = -4*i. Is 5 a factor of (-342)/(-30) - 2/i?
False
Let z = -41 + 107. Is z a multiple of 15?
False
Let c be ((-2)/1 - -2)/(-1). Suppose 2*p = -c*p. Suppose -75 = -3*i + 5*m, -3*i + m + 66 + 21 = p. Is i a multiple of 15?
True
Suppose 0*f + f - 11 = -4*i, i - 4*f = -10. Suppose 53 = i*c + l, 0 = -5*l - 3 - 2. Does 27 divide c?
True
Let u(z) be the third derivative of -z**6/120 + z**3/3 - 3*z**2. Let j be u(0). Let b(t) = 3*t**2 + 2*t. Is b(j) a multiple of 8?
True
Let b be (-52)/(-6) + 12/(-18). Is 108/2 - (11 - b) a multiple of 21?
False
Suppose -2*k + 154 = -180. Is k a multiple of 32?
False
Suppose 598 = 3*d + 2*r - 412, 3*r - 339 = -d. Is 16 a factor of d?
True
Let h = 0 - 10. Let t = -8 - h. Suppose -t*i + 2*m + 16 = 0, -m = -5*i + m + 49. Does 6 divide i?
False
Let c = 20 - 17. Suppose -x + d + 19 = 0, -c*x + 29 = 5*d - 4. Is 8 a factor of x?
True
Let i be 4/(40/(-6))*-355. Suppose 4*l - i - 47 = 0. Does 19 divide l?
False
Suppose 5*a - 8 = -5*l + 147, 2*a = l + 65. Does 16 divide a?
True
Suppose 0 = -w - 2*y + 8, w - y - 3*y = -10. Let g = 19 - 17. Suppose -g*l = s - 48, -5*s = -w*l - 3 + 51. Does 8 divide l?
True
Suppose 2*b - 158 = 5*r, 6*b - 176 = 4*b - 4*r. Is 6 a factor of b?
True
Let l = 18 - -13. Is 13 a factor of l?
False
Suppose 6*r = -2*v + r - 38, -v + 2*r = 19. Let m = 28 + v. Is 9 a factor of m?
True
Does 5 divide 0 - 3 - (-70 - 0/4)?
False
Let k(g) = -g + 4. Let r be k(0). Suppose r*s - 15 = -0*n - 5*n, -1 = n. Suppose -s*q + 66 = -2*q. Does 11 divide q?
True
Let v(i) = i**3 - 17*i**2 - 2*i + 23. Let o be v(17). Is o*(-4)/6*3 a multiple of 20?
False
Suppose -8 = -3*l + 4. Suppose 0 = -l*i + 6 + 6. Suppose -3*d = 3*w - 63, 2*d = -3*d - i*w + 103. Is d a multiple of 8?
False
Let i(x) = x - 8. Let k be i(5). Let p = k + 5. Suppose -p*n - 148 = -6*n - 3*r, -5*r - 100 = -2*n. Is 20 a factor of n?
True
Suppose 4*p - 96 = 3*q, 2*p - 5*q - 19 - 29 = 0. Let r(j) = -26*j. Let f be r(-2). Let i = f - p. Is i a multiple of 14?
True
Let f(h) = -7*h - 1. Is f(-10) a multiple of 15?
False
Let v(g) = -g**3 + g**2 - 2*g + 244. Does 39 divide v(0)?
False
Let t = -1 - -5. Let b(q) = 7*q - 2. Is 13 a factor of b(t)?
True
Let n be (-2 - 0)*(-2)/2. Does 7 divide ((-90)/(-3) - n)*1?
True
Suppose h + 5*m = 25, 3*m = 3*h + 7*m - 20. Let v be (4/(-6) - h)*42. Does 16 divide (-4)/(-14) - 916/v?
False
Let z = -76 + 86. Does 3 divide z?
False
Let v be ((-4)/(-5))/(2/20). Let i = v + -3. Does 2 divide i?
False
Let d(t) = -t**2 - 4*t - 2. Suppose 8 = -3*c + 2. Let r be d(c). Does 13 divide (-3)/1 + 18 - r?
True
Let v = 16 + -7. Let k = 23 - v. Is k a multiple of 5?
False
Let t(q) be the second derivative of q**5/20 + q**2/2 - 3*q. Let x be t(-2). Let j(o) = o**2 + 4*o + 1. Is 13 a factor of j(x)?
False
Let d(o) = 3 + 6 - 2*o**3 + 8*o**2 - 8*o + o**3. Let g = 14 + -7. Does 2 divide d(g)?
True
Let t(l) = 2*l + 7. Is t(9) a multiple of 6?
False
Suppose 0 = -4*x - 30 + 158. Suppose -3*k + a = -0*a - 20, -2*a - x = -5*k. Is 3 a factor of k?
False
Let z = -7 - -17. Is z a multiple of 6?
False
Let k(m) = -4*m**3 - 6 + 4*m**3 - m**3 + m + 6*m**2 - 2*m. Does 9 divide k(5)?
False
Suppose 2*d = 50 + 40. Is d a multiple of 15?
True
Is 9 a factor of (-183)/(-2)*4/6?
False
Let i(x) = -44*x - 12. Is i(-5) a multiple of 32?
False
Suppose -5 - 5 = -5*m. Let r(i) = -m*i + 1 - 3 + i. Is r(-6) a multiple of 3?
False
Let x(k) = 71*k + 4. Is x(2) a multiple of 30?
False
Let p(j) = j - 6. Let o be p(9). Suppose o*q - 8*q = -110. Is q a multiple of 11?
True
Let j = -51 - -76. Suppose 0 = -v + 4*m - 26, -3*v - m = -2*m + 45. Let y = v + j. Is y a multiple of 11?
True
Suppose -q = -4*b + 3, b - 9 - 8 = -3*q. Suppose q*d - 5*l + 420 = 0, 3*d + 3*l - 2*l + 256 = 0. Let n = -57 - d. Does 13 divide n?
False
Let q(s) = s + 2. Let w be q(-2). Suppose r = -w*r + 2. Does 12 divide r*-24*1/(-2)?
True
Suppose -d + 11 = 2*i, -3*d = -0 - 15. Let m be ((-28)/(-6) + 0)*i. Suppose 4*t - 26 = -w, w + t - m + 0 = 0. Does 10 divide w?
True
Let s(l) = 2 - 6*l - 3 - 8. Does 11 divide s(-8)?
False
Suppose 2*v = -3*s - 3, 0*v = 4*v + 2*s - 6. Suppose -v*w = -w - 10. Is 5 a factor of w?
True
Let x(d) = d**3 + d**2 - 1. Let a be x(0). Let s be a*(-2 - 2) + -1. Suppose 4*l - 183 = -3*o, -s*o - 27 = l - 2*l. Does 21 divide l?
True
Let n(w) = w**3 - 9*w**2 + w - 6. Let o be -18*1*3/(-6). Is 2 a factor of n(o)?
False
Suppose 0 = -2*u + 5*z, 4*z - 33 - 23 = -4*u. Suppose 3*y + u = 4*y. Does 10 divide y?
True
Suppose 5*k + 4*z = 10, 4*k + 6*z - 8 = z. Does 5 divide (-3*2)/(-2) + k?
True
Let s(k) = -42*k - 8. Let m(d) = -14*d - 3. Let x(a) = -11*m(a) + 4*s(a). Is x(-2) a multiple of 8?
False
Suppose 2*b + 4*r + 22 = 0, 0 = r - 0 + 3. Let n be 2/6*b*-3. Suppose -5*t + 155 = -u, u = 2*u - n. Is t a multiple of 11?
False
Let w(q) = -q**3 + 6*q**2 + 3*q - 9. Let z be (-2 - 0)/((-4)/12). Let o be w(z). Let f = -5 + o. Is f a multiple of 4?
True
Let w(v) = -5*v - 4 + 0 + 6 + 4 + v**2. Is w(-5) a multiple of 14?
True
Let h be -2 - (-5)/((-10)/12). Let l(j) be the second derivative of j**4/12 + 4*j**3/3 + 7*j**2/2 + j. Is l(h) a multiple of 3?
False
Suppose 6*w + 30 = w. Let c(k) = -k**3 - 4*k**2 + 5*k - 8. Is 17 a factor of c(w)?
True
Let f(q) = -q + 2. Let c be (-14)/7 + (0 - 2). Is 6 a factor of f(c)?
True
Let m(g) = -g**2 + 4*g + 6. Let v be m(5). Is 2 - v*(-1 - 9) a multiple of 7?
False
Let h(t) = t + 13. Let p be h(-7). Let z(d) = 5*d. Is z(p) a multiple of 17?
False
Suppose 6*v + 4*s - 158 = v, s = -4*v + 133. Is v a multiple of 15?
False
Suppose 6*j - j + 90 = 0. Let n = -11 - j. Suppose -3*k + n + 5 = 0. Does 4 divide k?
True
Let a(q) = q**2 - 8*q - 20. Does 4 divide a(11)?
False
Let l = 138 - 79. Suppose 0 = -5*h - 4 + l. Is 9 a factor of h?
False
Let f be 7/2*12/7. Let v = 14 + f. Is v a multiple of 20?
True
Let y(m) = 65*m**2 + m. Let h be y(1). Suppose 0 = -2*t + 5*t - h. Is t a multiple of 11?
True
Let z(t) = -t + 1. Suppose -4*a - 4*o - 8 = 0, -a - 1 = 2*a - 2*o. Let v be z(a). Suppose 16 = -4*r - 3*i + 51, -r = -v*i - 17. Is r a multiple of 5?
False
Let o = -2 + 117. Suppose -4*r = o + 21. Let z = r + 64. Does 11 divide z?
False
Let t = 10 - 5. Suppose 4*n + 130 = -2*j, -3*j = -2*j + t*n + 68. Let w = 89 + j. Does 13 divide w?
True
Suppose 2*b = b - 11. Let p be (-1)/(-3) + b/(-3). Suppose p*c - 97 = 63. Is 11 a factor of c?
False
Let c(q) = -q - 3. Let a be c(3). Let k(n) = 2*n**2 + 9*n + 4. Does 22 divide k(a)?
True
Suppose -3*c = -8*c + 40. Suppose -4*q = -2*b - 18, 7*q - 3*q - c = 4*b. Suppose 0 = 4*p - 2*h + q*h - 14, -12 = -p + 3*h. Does 6 divide p?
True
Suppose 11*i + 4 = 13*i. Suppose 3*s + 5 = -5*h - i*s, -s - 5 = 0. Does 4 divide h?
True
Let u(q) = -2*q**3 - q**2 + 2*q - 1.